is divided by 221?
9
Calculate the remainder when 17023081 is divided by 934.
931
Calculate the remainder when 2501519 is divided by 73574.
3
Calculate the remainder when 2146997 is divided by 315.
272
Calculate the remainder when 1117884 is divided by 139732.
28
What is the remainder when 954471 is divided by 118620?
5511
Calculate the remainder when 62977981 is divided by 49.
45
Calculate the remainder when 235991 is divided by 5485.
136
What is the remainder when 140907 is divided by 21?
18
Calculate the remainder when 527957 is divided by 5028.
17
Calculate the remainder when 89149 is divided by 14857.
7
What is the remainder when 774656 is divided by 27?
26
Calculate the remainder when 34621857 is divided by 105.
102
Calculate the remainder when 1998550 is divided by 124909.
6
Calculate the remainder when 120929 is divided by 3477.
2711
What is the remainder when 3212786 is divided by 3212703?
83
Calculate the remainder when 638728 is divided by 1293.
1279
Calculate the remainder when 3775434 is divided by 222083.
23
What is the remainder when 1783934 is divided by 3060?
3014
Calculate the remainder when 213769745 is divided by 250.
245
Calculate the remainder when 1119305 is divided by 26650.
5
What is the remainder when 2122902 is divided by 108?
54
Calculate the remainder when 35155 is divided by 1777.
1392
Calculate the remainder when 396186 is divided by 11317.
91
Calculate the remainder when 378958 is divided by 66.
52
What is the remainder when 165122 is divided by 165052?
70
Calculate the remainder when 1313435 is divided by 231.
200
What is the remainder when 29141938 is divided by 9713978?
4
What is the remainder when 31633 is divided by 1011?
292
Calculate the remainder when 1304704 is divided by 4546.
2
Calculate the remainder when 98386674 is divided by 1796.
1794
Calculate the remainder when 226748 is divided by 39.
2
Calculate the remainder when 206460 is divided by 41262.
150
What is the remainder when 38384 is divided by 242?
148
What is the remainder when 6471583 is divided by 6471426?
157
What is the remainder when 268343 is divided by 66975?
443
What is the remainder when 21476863 is divided by 82?
79
Calculate the remainder when 3745795 is divided by 6514.
245
What is the remainder when 166876 is divided by 4171?
36
Calculate the remainder when 213716 is divided by 368.
276
Calculate the remainder when 12820271 is divided by 30.
11
Calculate the remainder when 247125 is divided by 235.
140
What is the remainder when 462235 is divided by 117?
85
Calculate the remainder when 2661075 is divided by 32.
19
What is the remainder when 148635204 is divided by 1588?
1580
Calculate the remainder when 137867 is divided by 3898.
1437
What is the remainder when 1030651 is divided by 515318?
15
What is the remainder when 19497122 is divided by 80?
2
Calculate the remainder when 22745580 is divided by 21.
18
What is the remainder when 46105 is divided by 21756?
2593
Calculate the remainder when 1171241 is divided by 390407.
20
Calculate the remainder when 9391083 is divided by 4755.
4713
Calculate the remainder when 96110264 is divided by 32036752.
8
Calculate the remainder when 7050 is divided by 172.
170
What is the remainder when 53675093 is divided by 33?
32
What is the remainder when 50898318 is divided by 16?
14
Calculate the remainder when 218223 is divided by 15523.
901
What is the remainder when 3283242 is divided by 212?
210
Calculate the remainder when 28651 is divided by 5682.
241
Calculate the remainder when 1583823 is divided by 49481.
431
What is the remainder when 282522 is divided by 285?
87
What is the remainder when 1368795 is divided by 19826?
801
Calculate the remainder when 1274164 is divided by 5399.
0
Calculate the remainder when 11207324 is divided by 5.
4
Calculate the remainder when 499288 is divided by 2669.
185
Calculate the remainder when 2298190 is divided by 85108.
274
Calculate the remainder when 2178916 is divided by 292.
12
Calculate the remainder when 302463 is divided by 42798.
2877
What is the remainder when 1781848 is divided by 30?
28
What is the remainder when 4363 is divided by 4360?
3
What is the remainder when 96479 is divided by 130?
19
What is the remainder when 16569 is divided by 1058?
699
What is the remainder when 1623249 is divided by 71?
47
What is the remainder when 102783639 is divided by 34261209?
12
Calculate the remainder when 332226864 is divided by 13.
8
What is the remainder when 6933134 is divided by 1155518?
26
Calculate the remainder when 152479 is divided by 1419.
646
Calculate the remainder when 686787 is divided by 78.
75
What is the remainder when 53321 is divided by 1403?
7
What is the remainder when 14581085 is divided by 17?
15
What is the remainder when 2089007 is divided by 819?
557
What is the remainder when 1667222 is divided by 5311?
4879
Calculate the remainder when 152594204 is divided by 3816.
3812
Calculate the remainder when 11452637 is divided by 31.
28
What is the remainder when 5923840 is divided by 6747?
6721
What is the remainder when 4704778 is divided by 1183?
1170
What is the remainder when 5797450 is divided by 607?
600
What is the remainder when 36744887 is divided by 745?
742
What is the remainder when 1154038 is divided by 577015?
8
What is the remainder when 75329123 is divided by 125?
123
Calculate the remainder when 941125 is divided by 7261.
4456
Calculate the remainder when 104716 is divided by 689.
677
What is the remainder when 265828 is divided by 53161?
23
Calculate the remainder when 71803 is divided by 3108.
319
What is the remainder when 82133310 is divided by 1577?
1573
What is the remainder when 246905 is divided by 261?
260
Calculate the remainder when 37676188 is divided by 8596.
8516
What is the remainder when 1621433 is divided by 185?
93
What is the remainder when 127202740 is divided by 138?
136
Calculate the remainder when 145618420 is divided by 1247.
1242
What is the remainder when 11788684 is divided by 930?
4
What is the remainder when 6402929 is divided by 1293?
1286
What is the remainder when 179645 is divided by 1932?
1901
Calculate the remainder when 269251 is divided by 4035.
2941
Calculate the remainder when 12092 is divided by 1017.
905
Calculate the remainder when 4695964 is divided by 81.
70
What is the remainder when 756421 is divided by 17?
6
What is the remainder when 36157358 is divided by 856?
774
Calculate the remainder when 2331859 is divided by 147.
145
What is the remainder when 940737 is divided by 2406?
2397
Calculate the remainder when 246526473 is divided by 1455.
3
What is the remainder when 80430 is divided by 758?
82
What is the remainder when 3116519 is divided by 94439?
32
Calculate the remainder when 33018 is divided by 32842.
176
Calculate the remainder when 2211313 is divided by 450.
13
What is the remainder when 186803 is divided by 696?
275
What is the remainder when 107120613 is divided by 352?
325
What is the remainder when 38733159 is divided by 2931?
2925
Calculate the remainder when 2325713 is divided by 3460.
593
Calculate the remainder when 80991 is divided by 540.
531
Calculate the remainder when 96458 is divided by 19227.
323
What is the remainder when 86479 is divided by 1667?
1462
Calculate the remainder when 21553249 is divided by 885.
844
Calculate the remainder when 126503 is divided by 63233.
37
Calculate the remainder when 956687 is divided by 301.
109
Calculate the remainder when 30911 is divided by 4179.
1658
Calculate the remainder when 247075 is divided by 41173.
37
What is the remainder when 127788 is divided by 4896?
492
What is the remainder when 610749 is divided by 2262?
9
Calculate the remainder when 90184 is divided by 1712.
1160
Calculate the remainder when 11320154 is divided by 148.
78
What is the remainder when 4996150 is divided by 271?
265
What is the remainder when 1467658 is divided by 35753?
1785
What is the remainder when 43897760 is divided by 2438764?
8
Calculate the remainder when 3045815 is divided by 253817.
11
Calculate the remainder when 96118 is divided by 951.
67
What is the remainder when 308331023 is divided by 11858885?
13
Calculate the remainder when 506326 is divided by 7347.
6730
What is the remainder when 37807 is divided by 9443